t is u(8)?
5
Let c(o) = 4*o**2 - 53*o + 11. Let l(h) = 5*h**2 - 79*h + 17. Let i(a) = -10*c(a) + 7*l(a). Calculate i(-5).
-1
Let w(i) be the first derivative of i**4/4 + 6*i**3 + 31*i**2/2 - 10*i + 387. Give w(-16).
6
Let k(v) be the second derivative of -v**5/10 - v**4/6 + v**3/3 + 7*v**2/2 - 1548*v. Determine k(3).
-59
Let w be (12/16 - 35/4)*-7. Suppose 5*h - w = -9*h. Let y(n) = -n**2 + 5*n - 1. Calculate y(h).
3
Let z(i) be the third derivative of 0*i + 2/3*i**3 - 1 + 22*i**2 - 1/24*i**4. Give z(-9).
13
Suppose 3*q + 11 = -10*m + 8*m, -5*m + 4*q + 30 = 0. Let s(a) = -2*a + 5 - 132*a**2 + 131*a**2 + 0 - m. Calculate s(-4).
-5
Suppose -5*h + 12 = -293. Let z = h + -61. Suppose z = 3*c - 15 - 6. Let q(l) = -l**2 + 9*l - 5. Determine q(c).
9
Let o be (-1)/(-1)*((-9)/(-3) + 1). Let r(t) = -2*t + 1 + 25*t**2 - 30*t**2 + 3*t**3 - 2*t**3 + o*t. Suppose 5*v - 14 - 6 = 0. Calculate r(v).
-7
Let t(j) be the second derivative of -j**5/30 - j**4/6 + 39*j**3/2 + j**2 + 201*j. Let q(k) be the second derivative of t(k). What is q(9)?
-40
Let g(c) = c**3 + c**2 + c + 1. Let w(v) = -2*v**3 - 13*v**2 - 2*v - 8. Let k(r) = -3*g(r) - w(r). Suppose -8*h + 44 = -36. What is k(h)?
-5
Let z be -3*2 - 0/(-2). Let p(k) = 86*k - 3 - 2*k**2 + 7*k**2 - 93*k - 6*k**2. What is p(z)?
3
Let k(s) = -3*s - 11. Suppose -o - 4*z = -2*z - 135, -4*o + 560 = -2*z. Suppose o*m - 143*m - 24 = 0. Give k(m).
7
Let w(k) = -4*k - 46 - 5*k**2 - 22*k**3 + 47 + 21*k**3. Let h = 5 - 8. Calculate w(h).
-5
Let t(p) = -2*p - 15. Suppose 0 = -n + 3*f + 35, -41*n + 44*n - 73 = 5*f. Calculate t(n).
-37
Let d(s) = -2*s**3 + s**2 + s + 21. Let r(x) = x**2 - 8*x - 9. Let l be r(9). Let h be d(l). Let b(f) = -2*f**2 + 8*f + 13*f + 2 - h*f. Determine b(2).
-6
Let g(h) = 2*h + 9. Let t(f) = 3*f + 18. Let v(x) = 5*g(x) - 3*t(x). Let r(p) = -1. Let n(z) = 3*r(z) - v(z). Determine n(5).
1
Let n(m) = -4*m + 1. Let l = -43 - -16. Let w = -25 - l. Suppose 3*a = 5*x - 3*x + 4, -w*x - 16 = 3*a. Determine n(x).
21
Let i(o) be the second derivative of o**3/3 - 7*o**2/2 + 4489*o. Let c = 10 + -5. Determine i(c).
3
Let n(r) = -3 + 4*r + 0*r + 3. Let s(y) = y**3 + 14*y**2 + 7*y + 42. Let z be s(-13). Let u be 256/z - 4/30. Calculate n(u).
8
Let c(r) = -3*r**3 + 17*r**2 - 41*r + 126. Let y(u) = 2*u**3 - 9*u**2 + 21*u - 75. Let t(l) = 3*c(l) + 5*y(l). Determine t(3).
30
Let d = 52 - 86. Let l = d + 39. Suppose -b - 16 = -l*b. Let s(t) = t**2 - 6*t + 1. Determine s(b).
-7
Suppose 17398 = -19*l + 17911. Let t(f) = f - 47. Calculate t(l).
-20
Let a be (-7020)/(-42) - -3 - (-2)/(-14). Let w = 165 - a. Let q(g) = 7*g + 1. Let u(y) = 8*y. Let l(p) = -6*q(p) + 5*u(p). What is l(w)?
4
Let v be ((-144)/132)/(-6) - (-303)/(-33). Let w(c) = 4*c + 2. What is w(v)?
-34
Let t(c) = 16*c - 62. Let r = -1649 + 1653. Give t(r).
2
Let n = 2902 - 2904. Let k(d) = -16*d - 3. Give k(n).
29
Suppose -4*y - 5 = -5*y. Let v(c) = -6*c**3 + y*c**3 - 3 + 0*c**2 + c + c - 3*c**2. Let a(h) = -2*h**3 + 3*h**2 + h - 2. Let k be a(2). What is v(k)?
5
Let c(y) be the second derivative of 0 + 24*y + 11/6*y**3 + 15/2*y**2 + 1/12*y**4. Determine c(-10).
5
Let u(z) = -2*z**2 + 10*z + 36. Let x = -20288 + 20295. Determine u(x).
8
Let o be 28 - 32/(-40)*(1 - -4). Let k(b) = -36*b - o*b + 70*b + 14. Calculate k(-15).
-16
Let x be 18/5 + (-3)/5. Let b(a) = -5*a + x*a**2 + 1 + 1 - 2*a**2 - 4. Let n = -2476 + 2480. Determine b(n).
-6
Let g(t) = -t**3 - 15*t**2 - t - 18. Let a(j) = j**3 - 22*j**2 - j + 22. Let z be a(22). Suppose 3*d + 3 = z, -5*y - 2*d - 73 = -4*d. Calculate g(y).
-3
Let o(m) = m. Let f(j) = 3*j - 5. Let w(i) = -i**2 + 11*i - 11. Let t be w(10). Let c(g) = t*f(g) + 5*o(g). Give c(-7).
-9
Suppose -8*k = -15*k + 42. Let o(v) = v**3 - 12*v**2 - 2*v - 7. Let n(h) = 2*h**3 - 23*h**2 - 4*h - 13. Let m(j) = 6*n(j) - 11*o(j). What is m(k)?
-13
Let f(g) = 2 + 3126*g - 2 + 3104*g - 6209*g + 4. Calculate f(4).
88
Let q(g) = -11*g**3 - g**2. Let a = -321 + 384. Let l be 4/(-2) + a + -60. What is q(l)?
-12
Let b(f) be the second derivative of f**4/12 + f**3/2 + 17*f**2/2 - 745*f. Calculate b(6).
71
Let l(x) = -4*x**2 - 46*x + 96. Let p(q) = -q**2 - 13*q + 24. Let i(s) = 3*l(s) - 11*p(s). Determine i(8).
0
Let f(m) be the second derivative of -5*m**3/6 + m**2/2 - 2*m. Let c be (-3)/8*3328/(-312). Determine f(c).
-19
Let o = 20 - 18. Let q(b) = -8 + 38*b**o + 30 - 39*b**2. Let z(h) = -h**3 - 9*h**2 + 2*h + 18. Let y be z(-9). Determine q(y).
22
Let u(t) = t + 17. Let z be u(-17). Let n(k) = k + 95. Let c(d) = -2*d - 173. Let p(j) = 6*c(j) + 11*n(j). What is p(z)?
7
Let u = 158 + 219. Let d = -369 + u. Let y(b) = b**2 - 9*b. What is y(d)?
-8
Let v = -33 - -21. Let b(l) be the third derivative of -l**4/24 + l**3/3 + 19690*l**2. What is b(v)?
14
Let j(l) be the first derivative of l**2/2 + 32*l + 644. Give j(-21).
11
Let f = -124 + 264. Let k = -139 + f. Let g(h) be the third derivative of -17*h**6/120 + h**5/30 - h**4/12 + h**3/6 - 4*h**2. Calculate g(k).
-16
Let r(l) = 0 + 7 + 6*l - 2. Let w(y) = -2*y - 2. Suppose -5*x + 40 = 3*j, 3*x + 11*j = 14*j + 24. Let u(m) = x*w(m) + 3*r(m). Determine u(4).
7
Let k(n) be the first derivative of 1/3*n**3 - 3/40*n**5 - 5/12*n**4 - 1/360*n**6 + 0*n + 0*n**2 - 13. Let c(q) be the third derivative of k(q). Give c(-7).
4
Let k be (2 + 3/((-54)/(-12)))*6/(-4). Let n(t) = 9*t + 6. Calculate n(k).
-30
Let u(h) = h**2 + 3*h + 1. Let p(t) = -t**2 - 25*t - 127. Let a be p(-18). What is u(a)?
-1
Let t(u) = 3*u**2 - 263*u**3 + 4*u + 2 + 460*u**3 - 227*u**3. Give t(-1).
31
Suppose -159*p + 246 + 231 = 0. Let t(h) = 4*h - 40. Determine t(p).
-28
Suppose -d + 4*v = 2*d + 13, 0 = 5*v - 5. Suppose -3*h + 10 = 2*h. Let n(t) = t + t**3 + 4*t**2 - 4*t + 7*t + h. What is n(d)?
-1
Let c be 41/(-1) + -32 + 66. Let d(v) = 5*v**3 + 30*v**2 - 35*v - 1. Let k(j) = -j**3 - 6*j**2 + 7*j. Let p(s) = 2*d(s) + 11*k(s). Give p(c).
-2
Let o(r) = -r**3 - r**2 - 12. Let u = -3 + 2. Let v be -4*u/4 + -1. Determine o(v).
-12
Suppose 126*l - 28 - 98 = 0. Let b(c) = -19 + 5 + 9 + 7 + 4*c. Give b(l).
6
Let y(r) = 2*r**3 + 5*r**2 - r + 4. Let c = -3206 - -3203. What is y(c)?
-2
Suppose u - 1 = 3. Let g(t) be the second derivative of -t**5/20 + t**4/12 + t**3/3 + t**2 + 7007*t. Calculate g(u).
-38
Suppose 0 = -4*z, -4*d + z = -9 - 7. Suppose 0 = -3*r + 5*q + 15, d*q + 15 = r + 2*r. Let m(h) = 8*h - 20*h - r + 11*h. Give m(-9).
4
Suppose -3*m + 7*q = 6*q - 18, -5*m + 2*q = -29. Let v(a) = 3 - 1 - 6 - 6*a + a**2. Determine v(m).
3
Let z(l) be the third derivative of l**6/120 + 11*l**5/60 + l**4/24 - 15*l**2. Let a = -1186 + 1175. Determine z(a).
-11
Let b(w) = -w**2 + 21*w + 29. Let q be (-222)/(-10) - 64/320. Determine b(q).
7
Let r(o) be the second derivative of -o**3/6 - 439*o. Let d = -20 - -16. Calculate r(d).
4
Let r(h) = -291 + 55*h**3 + h**2 - 290 - 288 + 869 + h. What is r(-1)?
-55
Let n = -15 - -15. Let y(v) = v - 263 + v**2 + v**3 + 556 - 274. Determine y(n).
19
Let n(i) be the first derivative of i + 75 + 7/2*i**2. Calculate n(2).
15
Let t(r) = r + 15. Suppose 5*k + 20 = -h - 8, 6 = -2*k. Give t(h).
2
Let t(o) = 8012*o + 46. Let s(c) = -267*c - 1. Let r(u) = 30*s(u) + t(u). Let b be (-26)/2 + 2 - -2. Give r(b).
-2
Let z(p) = -2*p + 74. Let c = -4480 + 4490. Calculate z(c).
54
Let d(g) be the first derivative of -g**4/4 - 10*g**3/3 - 17*g**2/2 + 12*g + 241. Determine d(-8).
20
Let y(o) = o**3 + 3*o**2 - 2*o - 8. Suppose -230*a - 135 - 424 = 131. Determine y(a).
-2
Let z(w) = 146*w - 40*w - 38*w - 45*w - w**2 - 30 - 24*w. Let k be (-1 + 1)/(0 - -2). Calculate z(k).
-30
Let b(m) = 3*m**3 - 6*m**3 - 2*m + 4 + 3*m**3 + 4*m**3 + 89*m**2 - 90*m**2. Determine b(2).
28
Let b(q) = -4*q**3 + 2*q**2 + 10*q + 6. Let c(d) = 3*d**3 - d**2 - 8*d - 6. Suppose -8*n - 4 = -9*n. Let y(x) = n*b(x) + 5*c(x). Calculate y(3).
-6
Let d(j) = -3*j - 10. Let q(c) = -8*c - 30. Let v(u) = 11*d(u) - 4*q(u). Let y be v(12). Let i(r) = 6*r**2 + 3*r. Determine i(y).
18
Let t(u) = -4 + 32 - u - 4 + 0*u. Let r = 1165 + -1155. What is t(r)?
14
Suppose 3*q - 50 + 68 = 0. Let z be ((q - 0) + 1)/(1 + -2). Let r(c) = -c**2 - c - 5. Determine r(z).
-35
Let b(x) = -x**3 - 61*x**2 - 212*x + 923. Let q be b(-57). Let a(t) = -t**3 + 11*t**2 - 13*t + 25. What is a(q)?
-118
Let t(j) be the firs